the tens digit of f?
6
Suppose 0 = -2*f - 1 - 15. Let v = -2 + f. What is the units digit of (5 - 3)*v/(-4)?
5
Suppose -2*o = -9 - 33. What is the tens digit of o?
2
Suppose 4*g - 51 = -3*s - 13, -s = -3*g - 30. Let t be (-137)/(-3) + (-12)/s. Suppose 5*z - 2*o = -7*o + t, -2*z = o - 14. What is the units digit of z?
5
Suppose -2*h - 3*h = -70. What is the units digit of h?
4
Suppose -4*g + 252 = 4*y, 3*g = 4*y - 2*y - 111. Let a(x) = -x**3 - 7*x**2 + 7*x - 8. Let z be a(-8). Suppose 6*c - c - y = z. What is the tens digit of c?
1
Let n be (-8)/4 + 2 - -92. Suppose -n - 53 = -5*u. What is the tens digit of u?
2
Let g(r) = 10*r + 1. Let i be g(1). Let b(j) = -j**2 - 15*j - 21. Let d be b(-14). Let c = i + d. What is the units digit of c?
4
Suppose 5*p + 0*p = 5. What is the tens digit of p/(((-28)/80)/(-7))?
2
What is the units digit of 186 + ((-2)/3)/((-18)/27)?
7
Let p = 288 - 206. What is the units digit of p?
2
Let l(n) = n**3 + n + 8. Let v be 4/(-2 + 1 + 3). Suppose v*x = -2*x. What is the units digit of l(x)?
8
Let l = -194 + 292. What is the units digit of l?
8
Suppose -2*p = 31 - 33. What is the units digit of p?
1
Suppose 0 = t + 7 + 1. Let c = 46 - t. What is the units digit of ((-2)/6)/((-2)/c)?
9
What is the units digit of ((-9)/(-12))/((14/248)/7)?
3
Suppose 0 = 3*q - n - 61, n + 37 = q + 4*n. Let r = -15 + q. What is the units digit of r?
7
Let o be -1*4*25/(-20). Suppose 2 = -l + o. What is the units digit of l?
3
Let v(b) = -b**2 + b**2 - 3*b**2 - 8*b + 3 - 4*b**2 + b**3. Let w be v(8). Suppose -33 = -6*f + w*f + 3*j, f = 2*j + 14. What is the units digit of f?
8
Let g be (-5 + 2)*7/(-3). Suppose 0 = -g*r + 4*r + 12. What is the units digit of r?
4
Suppose 0 = 3*s - 23 - 19. What is the tens digit of s?
1
What is the tens digit of (320/(-6))/((-11)/33)?
6
Let s(p) = -p**3 + 4*p - 7. Suppose -t - 3*q + 5 = 0, -t + 13 = -5*t - q. What is the units digit of s(t)?
1
Let u(b) = -b**2 - 6*b + 8. Suppose -5*g + 3*v = 23, -g = 2*v - 4*v - 1. Let x be u(g). What is the units digit of 15 + (-2 + 3 - x)?
5
Let c = 240 - 2. What is the tens digit of c?
3
Let m = -30 + 59. Suppose -b + 61 = 4*p, -m = -2*p + b - 2*b. Suppose -f = -3*f + p. What is the units digit of f?
8
Let y = -4 - -4. Suppose 2 = f - y. What is the units digit of f?
2
Let k(t) = t**2 + 3*t. Let b be k(5). Suppose 24 = 3*m + 2*z + 2*z, 0 = -5*m + 2*z + b. What is the units digit of m?
8
Suppose -3*c + 12 - 45 = -3*a, 3*a - c = 25. Let j = a + 4. What is the units digit of j?
1
Let j(k) = -k**2 - 6*k - 3. Let s be j(-5). Suppose -s*w = 3*r + 2*w - 49, 16 = 4*w. What is the units digit of r?
1
Let k(l) = -3*l. Let b be k(-12). Let d = -666 + 962. What is the units digit of (-4)/18 + d/b?
8
What is the units digit of -2 + (18 - 4) - 3?
9
Let k(j) = -j**2 + 5*j - 2. Let m be k(4). Suppose v = -m*v + 72. Suppose -n - v = -0*i + 5*i, 2*n - 22 = 4*i. What is the units digit of n?
1
Suppose 21*a - 161 = 1687. What is the tens digit of a?
8
Let u(b) = -b**2 - 8*b - 3. Let a be u(-7). Let d = -3 + a. What is the units digit of d?
1
Let p = 6 + -8. What is the tens digit of (-2 - 1) + (-34)/p?
1
Let v(w) = -2*w**2 - 2*w + 3. Let u(r) = r**2 + r - 3. Let l(x) = -3*u(x) - 2*v(x). Let p be l(-4). Let k = p + -7. What is the units digit of k?
8
Let n(u) be the second derivative of u**5/20 - u**4/4 + u**3/2 - 3*u**2/2 - u. Let h be n(3). Suppose -h = -3*m + 3. What is the units digit of m?
3
Let z(i) be the first derivative of -i**2/2 - 16*i + 4. Let s be z(-12). What is the units digit of (42/s)/((-6)/8)?
4
Let a(t) be the first derivative of -t**4/12 - 2*t**3/3 + t**2/2 - 2*t + 1. Let f(j) be the first derivative of a(j). What is the units digit of f(-2)?
5
Suppose -2 = -c - 0*c. What is the units digit of c?
2
Let i(o) = 4*o + 6. Let y be i(-4). Let k = 26 + y. What is the tens digit of (k - 1) + 18/(-6)?
1
Suppose 4*f + 5*o - 37 = 0, 0*o - 21 = -2*f - 3*o. Let j be (9/(-6))/((-6)/8). Suppose -f*g = w - 8 - 7, -5*g = -j*w - 25. What is the units digit of g?
5
Suppose 12 = 2*c - 5*q - 70, 44 = c - q. What is the tens digit of c?
4
Let f be 74*(-4 + 5) - 0. Let b = -40 + f. What is the tens digit of b?
3
Let b = -30 + 60. What is the units digit of b?
0
Suppose g + 2 = -1. Let o(q) = -4*q**2 - 3*q + 3. Let d(p) = -p**2 - p + 1. Let f(w) = -5*d(w) + o(w). What is the units digit of f(g)?
1
Suppose u - 4 = 10. Let d = 34 - u. What is the units digit of d?
0
Let j(c) = c**3 + 10*c**2 + 10*c + 8. Let t be j(-10). Let p = -64 - t. What is the tens digit of p?
2
What is the units digit of (4/6)/(22/5181)?
7
Suppose w + 381 = 4*a - 0*w, 0 = -4*a - 5*w + 351. What is the tens digit of a?
9
Let x(w) = 56*w - 1. What is the tens digit of x(1)?
5
Let q(p) = 16*p**2. Let t be q(1). Let z = 5 + t. What is the units digit of z?
1
Let p(r) = -5*r + 2. Suppose -2*s = -2*n - 2*n + 24, 2*s + 4*n - 16 = 0. What is the tens digit of p(s)?
1
Let g = 16 - 1. What is the units digit of g?
5
Let n(m) = -4*m - 2. Let q(g) = 2*g + 2. Let s be q(-3). What is the tens digit of n(s)?
1
Let v = 433 + -270. What is the hundreds digit of v?
1
Suppose -3*d + 3 = -3. Let a = -52 + 73. Suppose -z - d*z + a = 0. What is the units digit of z?
7
Suppose 6*s - s - 200 = 0. What is the units digit of s?
0
Suppose 0*v + 2*v + 2 = 0, -3*i = -5*v - 515. What is the hundreds digit of i?
1
Suppose 0 = i + 37 - 199. What is the hundreds digit of i?
1
Let w = -8 + 4. What is the units digit of w/6 + 51/9?
5
What is the units digit of 1*72 - (2 - -2)?
8
Let m = 4 + 9. Let o = m - -13. What is the tens digit of o?
2
Suppose 4*g = -13 - 11. Let l(v) be the first derivative of v**3/3 + 2*v**2 - 8*v - 2. What is the units digit of l(g)?
4
Suppose -5*o - 3*u + 552 = -0*o, -2*u = -3*o + 316. Suppose 42 = 5*c + 3*b - o, -c + 4*b + 30 = 0. What is the tens digit of c?
3
Suppose -20 = -4*c - c. Suppose -c*d + 6*d - 76 = 0. What is the tens digit of d?
3
What is the units digit of -3 + -1 - (-38 - (-2 - -6))?
8
Let x(b) be the second derivative of 2/3*b**3 - 3/2*b**2 + 2*b - 1/12*b**4 + 0. What is the units digit of x(2)?
1
Let u be 3/(-2)*(-10)/5. What is the units digit of (2/u)/((-6)/(-9))?
1
Let u = -11 + 16. Suppose -2*d = 3*a - 38 - 21, -u*a = 5*d - 140. What is the tens digit of d?
2
Suppose -2*f + f + 7 = 0. Suppose 2*y + 31 = 5*r, -f = -3*r + 3*y + 17. Suppose 2*u = 5*i - 2*i + 16, -4*u - r*i - 12 = 0. What is the units digit of u?
2
Let l be (5/(-3))/5*39. Let p = -5 - l. What is the units digit of p?
8
Suppose 9*v - 497 = -92. What is the units digit of v?
5
Let x(t) = -t**3 + 22*t**2 - 29*t + 30. What is the units digit of x(20)?
0
Suppose 3*n = 3*h - 600, -3*n + 259 = 2*h - 156. What is the tens digit of h?
0
What is the tens digit of 32 - ((0 - 1) + -1)?
3
Let n(f) = f**2 + 2*f + 1. Let r be n(-3). What is the units digit of (-4)/12 + r/3?
1
Let i(v) be the first derivative of -1/4*v**4 - 12*v + 2 - 6*v**2 - 11/3*v**3. What is the units digit of i(-10)?
8
Let n = -9 + 90. What is the units digit of 194/18 + 18/n?
1
Let c(b) = -27*b + 27. Let f(k) = k - 1. Let a(r) = -3*c(r) - 72*f(r). Let q(h) = 14*h - 14. Let t(s) = 8*a(s) - 5*q(s). What is the units digit of t(6)?
0
Let p(c) = c**3 - c**2 + c - 1. Let d be p(0). What is the tens digit of (-3)/d + (10 - -1)?
1
Suppose 17 = 2*d - 3. Let z = -7 + d. Suppose 16 = 5*o + z*a, 4*o + 2*a - 6 = 6. What is the units digit of o?
2
Suppose 2*w + 5*s = 175, 0 = 2*w - 10*s + 6*s - 166. What is the tens digit of w?
8
Let p(i) = -i**2 + i - 1. Let d be p(0). Suppose -3*v = -5*v - 12. What is the units digit of (-4)/(d*(-3)/v)?
8
Suppose -16*q = -250 - 1302. What is the units digit of q?
7
What is the tens digit of 4/((-144)/(-510)) + (-1)/6?
1
Let o be (-1)/2 + (-14)/(-4). Suppose 0*c = 5*j + c - 14, 5*c - 7 = -4*j. Suppose -s + 4*u + 1 = 0, o*u = j*s - 27 - 3. What is the tens digit of s?
1
Let c(o) = 2*o - 19. What is the units digit of c(14)?
9
Let m(i) = -i**3 - 7*i**2 - i - 8. Let y be m(-7). Let r = 2 + y. Suppose 0 = 2*s + s + l - r, -2*l - 4 = 0. What is the units digit of s?
1
What is the tens digit of (-14053)/(-169) - (-4)/(-26)?
8
Let v(z) be the first derivative of -z**3/3 + z**2/2 + 24*z + 4. What is the units digit of v(0)?
4
Let w be -10 + (-1)/(3/(-6)). What is the units d